632 = 8*w. Suppose 4*c = w + 740. Is c a composite number?
True
Let u = -14 + 19. Let i be ((-10)/u)/((-2)/95). Suppose -15*g + 10*g + i = 0. Is g a composite number?
False
Suppose 2*d = -2*d + 5*o - 8727, -d = 2*o + 2185. Let k = 3072 + d. Is k prime?
False
Let b = 16429 + -8448. Is b a composite number?
True
Suppose 3*o - 43 - 2 = 0. Let z(s) = 7*s**3 - 20*s**2 + 10*s + 10. Let l(v) = -6*v**3 + 20*v**2 - 12*v - 9. Let k(y) = 6*l(y) + 5*z(y). Is k(o) a prime number?
False
Suppose 0*p + 7*p = -70. Is 1*(15/p + 2523/6) composite?
False
Let r = 27 - 28. Is (-1860)/(-8) + r/(-2) a composite number?
False
Let n be (-1 + 1)/(-3) - -29. Suppose 0 = 2*r - 10, -n = 2*l - 4*r + 31. Is 3*l/15 - -181 prime?
False
Let j be -7*(-3 + 68/28). Suppose 2*o - 4*p = 27 - 3, j*o = p + 41. Let v = 56 - o. Is v prime?
False
Let p be (5/(80/116))/((-1)/(-1396)). Suppose -3*z + p = -t - 2898, -2*z - t + 8676 = 0. Is z composite?
False
Suppose 152 - 38 = 2*w. Suppose -2*s = 3*k - 20, 0 = -5*s - 5*k + w - 17. Suppose 0 = -h + s*h - 1239. Is h prime?
False
Let c be -18*((-8)/(-6) + -2). Suppose 425 = -7*w + c*w. Is w composite?
True
Let l(b) = -45*b - 11. Let q(r) = 22*r + 5. Let c(u) = 4*l(u) + 9*q(u). Let n be c(-1). Let a = 18 - n. Is a a prime number?
False
Let n = -6 - -9. Suppose 768 = -n*y - 1062. Let u = y - -1131. Is u composite?
False
Let x = 27 - 1. Suppose -4445 = -31*g + x*g. Is g a composite number?
True
Let y = -102 - -107. Suppose 816 - 7795 = -3*c + y*z, 0 = -5*z + 20. Is c a prime number?
True
Suppose -2*v = 3*x - 24583, -3*v + x - 12290 = -4*v. Is v a composite number?
True
Let p = -59 - -60. Is (1/p)/(5/285) a prime number?
False
Is 7724 - 7*(-6 - -7) prime?
True
Let m(f) = f**2 - 2*f + 195. Let i be m(0). Suppose -3*g + i = -54. Is g a composite number?
False
Suppose 15 = -3*v + 3*n, -4*v + n = -n + 10. Suppose 19*i - 16*i - 357 = v. Is i a prime number?
False
Suppose -6 = 5*h + 9. Let u be 7/(-9) + (-2)/9. Is 9/h - 25*u a prime number?
False
Let w(r) = r**3 + 5*r**2 + 3*r - 1. Let p be w(-4). Let g(t) = 86*t + 4. Is g(p) prime?
False
Let c = 15501 - 4598. Is c a prime number?
True
Let l = 264 - 44. Suppose 4*f + 0*s - l = -s, -f + 3*s = -55. Is f prime?
False
Is 3761 - (0/((-9)/(-3)))/1 a composite number?
False
Let c(i) = i - 3. Let u be c(6). Suppose g = u*g. Let s(q) = 3*q + 15. Is s(g) prime?
False
Suppose -10*c + 272339 = 19*c. Is c prime?
True
Suppose -8*k + 28122 = -4606. Is k a composite number?
False
Suppose -p = 38 + 8. Let l = p + 79. Is l a composite number?
True
Is -4 + 354785/35 + (-4)/(-14) a composite number?
False
Let h(m) = -m**2 - 2*m + 3. Let v be h(-2). Suppose 0 = -v*z + 5*l + 15099, -5033 = -z - 7*l + 2*l. Is z prime?
False
Suppose -3*s - 5*j + 145 = -236, 0 = 2*s + 4*j - 254. Is s a prime number?
True
Let k(m) = -4*m - 6*m**3 + 0*m**3 - 6*m**2 + 1 - 4*m**3 + 2*m. Let a be (15/(-6) - -4)*-2. Is k(a) a composite number?
False
Let v(z) = -60*z**2 - z - 63*z**2 + 2*z - 1 - 123*z**2. Let j be v(1). Is ((-6)/(-9))/((-2)/j) prime?
False
Let f(p) = 42*p + 31. Suppose -4*d - d = -4*t - 53, -4*d - 3*t + 30 = 0. Is f(d) a composite number?
False
Let c(r) = 302*r - 4 + 28*r + 3 + 198*r. Let z(l) = l**2 + 4*l - 3. Let b be z(-5). Is c(b) composite?
True
Let z = -9 + 12. Suppose 4*x - 9 = z. Suppose 160 = x*y + c, 5*c = y + 3*c - 51. Is y a composite number?
False
Suppose -2*d + 72912 = 4*a, a + a = 5*d + 36444. Is a a composite number?
True
Let v = 1898 + 15503. Is v composite?
False
Suppose 13 - 28 = -5*h. Suppose -h*a - 1886 = -5*b, a + 350 = -2*b + 1111. Is b composite?
False
Suppose -p - 4 = -6. Let n(m) = -28*m**p - m + 40*m**2 + m + 2*m + 3. Is n(-5) composite?
False
Suppose 0 = 5*r + 2*w - 97, 2*r - w - 35 = 2*w. Is r a composite number?
False
Suppose -5*p = 2*l - 110614, -221228 = -20*l + 16*l + 2*p. Is l composite?
True
Let c be -3 - -88*(5 + -4). Let l = c - 9. Suppose -6*j - l = -10*j. Is j a composite number?
False
Suppose 2*o - 24 = -5*s - 2, 4*s = -5*o + 38. Is (1/3)/(o/19854) prime?
True
Suppose 2*a - 979 = -3*i, -2*i + 3*i - 4*a = 345. Let p = -393 + 269. Let w = i + p. Is w prime?
False
Suppose -3*b + 4*l = -b - 14376, 0 = -b - 3*l + 7183. Is b prime?
False
Let i = -375 - -558. Let p(j) = -37*j - 30. Let o be p(-8). Let q = o - i. Is q prime?
True
Let h = -3557 + 5034. Is h a composite number?
True
Let w(x) = -995*x - 60. Is w(-7) a prime number?
False
Suppose -4*y + 2*u + 23 = -1, 4*y - 12 = 5*u. Is 182/y - 4/(-16) a composite number?
False
Is (9 + -13)*1*(-127)/4 a prime number?
True
Let a be 6/(-14) - (-80)/7. Let s = -10 + a. Suppose -2*t - s = -45. Is t prime?
False
Suppose -10 + 0 = -2*s. Let z(v) = -9*v + 8. Let b be z(s). Is (33 - 5)*b/(-4) composite?
True
Suppose 662558 - 33776 = 42*f. Is f a composite number?
True
Suppose 4*t - 7 = 1. Suppose 0 = -3*x - 48 + 57. Suppose -446 = -5*q - x*v - 55, -t*q + 164 = 5*v. Is q a composite number?
True
Let n(h) = 8*h + 2 - 2*h**2 + h**2 - 40*h. Is n(-26) prime?
False
Let r(i) = -i**3 + 36*i**2 - 16*i + 29. Is r(20) a composite number?
True
Let z be (-65 - 3)*2/(-4). Let i = z + -29. Suppose -i*b = 2*v - 801, 7*v - 3*b = 4*v + 1254. Is v a prime number?
False
Is ((120/16)/15)/((-1)/(-94)) a composite number?
False
Is (4 - -1) + -3 + 1397 prime?
True
Suppose 3*p - 8 = 2*q, 4*q + 5*p - 30 = -q. Let r = 11 - 23. Is r/(q + 1) - -189 a prime number?
False
Suppose 2*l + 4*s - 22 = 0, 2*s - 58 = -3*l + s. Let m = l - 18. Suppose -3*i = n - 74, 140 = 3*n - m*i - 142. Is n composite?
False
Suppose -4*p = 3*w - 1635, -p = 2*w - 2*p - 1079. Is w prime?
True
Let a(q) = q**3 + 6*q**2 - 7*q + 3. Let y be a(-7). Suppose -l + 1 = -y. Suppose l*p - 295 = 157. Is p composite?
False
Suppose -481177 = -41*w - 81878. Is w a composite number?
False
Suppose 4*d - 31397 = -5*o, -3*o - 2*d + 27253 = 8414. Is o prime?
False
Suppose -w = 36 - 141. Suppose m - w = p + 41, m - 2*p - 147 = 0. Is m prime?
False
Let c = 1533 + -712. Is c a composite number?
False
Let z(q) = 22*q**3 - 4*q**2 - 8*q + 21. Is z(5) a prime number?
False
Is (-471)/(3 - 18/4) + 3 prime?
True
Let c be (3/1 - 2) + 365. Let w = -175 + c. Is w prime?
True
Let v(y) = y**3 + 42*y**2 + 43*y + 51. Is v(-30) prime?
False
Suppose 0 = -t - 3*t. Suppose 2*u - 6 + 0 = -3*b, 3*b = 3*u + 6. Suppose 4*i + 5*q - 1206 = u, -2*i + 2*q + q + 592 = t. Is i a composite number?
True
Suppose 5*f = f - 3*r - 388, -5*r + 120 = -f. Let h = 122 - 175. Let u = h - f. Is u a composite number?
False
Let c(f) = f**3 + f**2 + f + 21. Let p be c(0). Let v = p + -18. Suppose v*g - 563 = -182. Is g composite?
False
Let r(c) = 17*c**2 - 91*c - 399. Is r(43) composite?
True
Suppose -2*s = 2*c - s - 6115, -2*c + s = -6109. Let w = 489 + c. Is w prime?
False
Let n(o) = -48*o**3 - 2*o**2 + o + 5. Let j be n(3). Let g = -755 - j. Is g prime?
False
Suppose g = -4*c + 1002 - 187, -4*g - 4*c = -3284. Let q(o) = -o + 7. Let l be q(7). Suppose 2*a - 8 = 0, 6*v - v - 3*a - g = l. Is v prime?
True
Suppose -2*o + 1 = -9. Suppose -10*j + o*j = -10. Suppose j*h = -29 + 171. Is h composite?
False
Suppose -w - 7 = 3*x, -3*w + x = -8*w + 21. Is 537/1 + -1 + w prime?
True
Suppose 2*h + 2021 = 5195. Let d = 134 + h. Is d prime?
True
Let i be -113 - (2 + -4) - 3. Let n = i + 52. Let w = 101 + n. Is w prime?
False
Suppose -4*f = 17 - 77. Let h be (-1)/(1 + (-18)/f). Suppose -304 = -2*s - 3*z, s - 3*s + 296 = h*z. Is s prime?
False
Suppose 5*t = 2*t + 747. Let c = t + -82. Is c prime?
True
Let v(j) = 3*j - 23*j + 11*j + 20*j**2 + 3*j - 1. Is v(10) a composite number?
True
Suppose -z + 5*k + 983 = 0, -3*k + 1239 = z + 240. Is z a prime number?
False
Is (12/18)/(18/1179063) a prime number?
True
Is ((-84)/(-56))/(6/39244) prime?
True
Suppose -7*s - 1440 = -5*s. Let f = -457 - s. Is f composite?
False
Suppose 170*x - 10729 = -b + 172*x, -5 = 5*x. Is b a composite number?
True
Let g = 276 - 115. Let n = g - 745. Let l = 995 + n. Is l a composite number?
True
Let i be (3 - 76/20)/((-4)/(-30)). Is 2 - 131675/(-30) - (-1)/i composite?
False
Suppose -320 = -5*z + z. Let i be 2/(-5) - (-432)/z. Let u(d) = 50*d + 13. Is u(i) prime?
True
Let c = 1 + 2. Suppose -4*b + 1415 = 5*h, h = 5*b - c*b - 697. Suppose -3*a - b + 1229 = 0. Is a a composite number?
False
Let t be -4 - (-2 - 15*39). Let r = 